- (5394/(-42) - (-225)/(-175)) is divided by 68.
62
What is the remainder when 1140 is divided by ((-150)/200)/((-2219)/(-13692) - 1/6)?
162
Suppose -2*n - 12 + 22 = 0. Suppose f = 4*h - 34 - 35, -3 = -h + n*f. What is the remainder when 33 is divided by h?
15
Let h(u) = -45*u + 70. Let j be h(2). What is the remainder when 171 is divided by 6/(-8) - 515/j?
21
Let q = -33 - -83. Suppose -50 = -3*m + 5*d, 12*m - 15*m + 44 = d. Calculate the remainder when q is divided by m.
5
Let g(x) = -x**2 + 13*x - 10. Let l be g(12). Let v(b) = -3 - l*b**2 + 3*b**2 + 0*b**2 - 3*b - 3. What is the remainder when 128 is divided by v(-4)?
18
Let p(b) = -3 - 9 - 22*b - 28*b**2 + 14*b**2 + 3*b - b**3. Calculate the remainder when p(-13) is divided by 26.
14
Suppose -7 - 8 = -5*n, -4*n = -3*d + 3. Suppose d*l = 4*h - 80, -17*h + 2*l = -12*h - 100. What is the remainder when 57 is divided by h?
17
What is the remainder when (-36)/(-6)*(-1)/(30/(-2060)) is divided by -5*(2 + (-395)/25)?
67
Let j(u) = -10*u**2 + 113*u + 74. Suppose 0 = -m - 3, r - 5*r - m + 61 = 0. Calculate the remainder when j(11) is divided by r.
11
Suppose -m = 3*t - 21074, 7*t + 42184 = 2*m + 4*t. Calculate the remainder when m is divided by 15.
11
Let l = 8019 - 7104. Calculate the remainder when l is divided by 179.
20
Let s = 274 - 265. Let b(j) = j + 19. Calculate the remainder when 108 is divided by b(s).
24
Let g(b) = -17*b + 1448. Suppose 5*y - 280 = -2*v - 91, v - 96 = -y. Calculate the remainder when v is divided by g(84).
17
Suppose -8*m = -3*m + 110. Suppose 3*x + 13 = -68. Let n = m - x. What is the remainder when 8 is divided by n?
3
Suppose -596*d - 426 = -598*d. Let b(h) = -h**3 - h + 12. Calculate the remainder when d is divided by b(0).
9
Let f(x) = 18*x**2 + 3*x + 3. Let n be f(-1). Suppose -n = -16*s + 13*s. Let g(k) = 5*k - 15. What is the remainder when 44 is divided by g(s)?
14
Let z(k) = 6*k**2 + 239*k - 809. Let f(u) = u**2 - u - 2. What is the remainder when f(-5) is divided by z(-43)?
4
Let a(h) = 6*h**2 + 2*h + 17. Suppose -v = 5*g - g - 2, 0 = 3*g + 3. Calculate the remainder when a(v) is divided by 50.
45
Let g(i) = -2*i**3 - 11*i**2 - 2*i - 32. Suppose -15*b + 11*b = 24. What is the remainder when g(b) is divided by 11?
5
Let h(c) = c**3 + 9*c**2 + 9*c. Suppose -13251 = -160*x + 829. Calculate the remainder when x is divided by h(-7).
18
Let a be (-4 - (-224)/35)/(2/(-55)). Let n = 69 + a. Suppose -i + 22 = u, -n*u = -3*i + 2*u + 34. What is the remainder when 86 is divided by i?
14
Let o(c) = c**2 + 12*c + 105. What is the remainder when 606 is divided by o(-12)?
81
Suppose 3998 + 6835 = 23*l. What is the remainder when l is divided by 14?
9
Let o(y) = -y + 315. Let v be (-3944)/(-87) - (8/6 - 1). What is the remainder when o(v) is divided by 23?
17
Let o(z) = -z**2 - 39*z + 208. What is the remainder when o(0) is divided by 36?
28
Let s be -6 - (-111 - (-6 + 12 - 7)). Suppose -3*d - 32 = -s. Calculate the remainder when (-7)/(1/(-1*17)) is divided by d.
23
Let q = -32 - -83. Let n(v) = v**2 + 76*v - 1973. Calculate the remainder when n(21) is divided by q.
13
Let h = 0 + 6. Suppose 0 = -h*l + 612 - 186. Suppose 0 = 94*v - 52*v - 504. Calculate the remainder when l is divided by v.
11
Let j be (-33)/55 + (-686)/(-10). Let n = j + -22. Suppose 0 = -n*p + 49*p - 12. What is the remainder when p is divided by 2?
0
Let n = -7494 - -7502. Let h be 2*(-1 - 2/(-4)). What is the remainder when (-1 + h)/2 + 32 is divided by n?
7
Suppose -42*q = -10*q - 3936. Calculate the remainder when q is divided by -1 + 384/9 + 6/(-9).
0
Let a(p) = -455*p + 8268. What is the remainder when 6*((-693)/(-6) - -1) is divided by a(18)?
75
Let j(b) = 2*b**2 - 106*b + 719. Calculate the remainder when 950 is divided by j(48).
233
Let j = -861 - -894. What is the remainder when 64 is divided by j?
31
Let d(r) = 2*r**3 - 2*r**2 + 13*r - 45. What is the remainder when 132 is divided by d(3)?
12
Suppose -2*p + 4*n + 690 = 0, n = -2*p + 806 - 76. Calculate the remainder when 2531 is divided by p.
4
Let l = -153 - -2086. What is the remainder when l is divided by 11?
8
Let x(c) = -c**2 + 22*c - 103. Let a be x(11). Let b = a + 127. Calculate the remainder when b is divided by 51.
43
Suppose -4*v + 20 = 2*w - v, -4*w = 4*v - 32. Let y be 31356/(-130) + 1/5. Let u = y - -242. What is the remainder when w is divided by u?
0
Calculate the remainder when (-2418 + -2)/(-11) + 5 is divided by 2.
1
Let s = 20928 + -20349. Calculate the remainder when s is divided by 117.
111
Let x = -26743 - -26762. Let n = -5 + 9. What is the remainder when 1/n + (-574)/(-8) is divided by x?
15
Let l = -6024 + 6092. What is the remainder when 2513 is divided by l?
65
Let d be 38*(-323)/(-30) + (-2)/15. Let n = -152 + d. Let z = 418 - n. Calculate the remainder when z is divided by 18.
17
Calculate the remainder when -12 - -10 - -192 - 5 is divided by 65.
55
Let g(r) = -15*r + 24. Suppose -3*y = 2*h - 28, 2*h - 12 = -4*y + 24. Suppose 2*i + y*i + 90 = 0. Calculate the remainder when g(i) is divided by 40.
39
Suppose -4*x + 4*j = 188, -5*x + j - 3*j - 228 = 0. Let h = x + 69. Suppose 9*y + h = 10*y. What is the remainder when 90 is divided by y?
21
Let w = 1580 + -1483. What is the remainder when 114 is divided by w?
17
Suppose -17*f - 812 + 149 = 0. Let z = 16 - f. Let i = 28 - 14. What is the remainder when z is divided by i?
13
Let h = 302 + -243. Suppose h + 220 = 9*o. What is the remainder when 118 is divided by o?
25
Suppose -70318 = -20*z - 69538. Suppose 5*v + 42 = r + 142, 2*r + 80 = 4*v. Calculate the remainder when z is divided by v.
19
Suppose -2*h = 3*h - 4*o - 604, -4*h - o + 500 = 0. Let s be -1*(-5886)/27*2/4. What is the remainder when h is divided by (-2)/(-8)*(s - 9)?
24
Suppose 0*j + j = 84. Suppose -70*w - c + 13 = -68*w, -312 = -26*w - 2*c. What is the remainder when j is divided by w?
6
Let n = 250 + -246. Suppose -k + n*k = 4*x - 286, -3*x + k + 212 = 0. What is the remainder when x is divided by 25?
20
Let c(z) = -15*z - 285. Let u be c(-19). Suppose 3*n - 258 + 90 = u. Calculate the remainder when n is divided by 13.
4
Suppose -15*f = -16*f + 29. Let v(l) = 3*l**2 + 177*l + 16. Calculate the remainder when f is divided by v(-59).
13
Let g = 4717 + -4657. Calculate the remainder when 373 is divided by g.
13
Let n be 0 + 4 + 3/3. Suppose -5*c = -3*q - 1357, -4*c - 9*q + n*q = -1060. What is the remainder when c is divided by 18?
17
Let q(n) = 52*n**3 - n**2 - 3*n + 4. Let m be q(1). Let x be m + (-3 - (0 + -5)). Calculate the remainder when 106 is divided by 5/1*x/10.
25
Suppose -38*j + 5843 = 9*j - 831. What is the remainder when j is divided by 31?
18
Suppose 0 = -9*m + 4*m + 235. Let f = 5041 + -5028. What is the remainder when m is divided by f?
8
Suppose 3*l - 5*k - 23 = 0, 6*k = 2*k + 20. What is the remainder when (1149/(-3))/(l + -17) is divided by 11?
9
Suppose 20 = -5*w + 60. Let n = 22857 + -22852. What is the remainder when w is divided by n?
3
Suppose 11*z - 8*z = -2*b + 16, 5*z - 24 = -4*b. Let j(x) = 4*x - 14. What is the remainder when 71 is divided by j(z)?
17
Let u = 1055 - 424. Suppose -3*l + d - 5*d + u = 0, l - 202 = -3*d. Calculate the remainder when 4*(-3 - l/(-4)) + 4 is divided by 15.
14
Let a(j) = j**3 + 12*j**2 - 4*j - 17. Suppose -5*y + 0 = u - 5, -15 = -5*y. Let v(d) = -d**2 - 20*d - 11. What is the remainder when v(u) is divided by a(-12)?
27
Suppose 0 = -1817*c + 1818*c - 4*f + 10, -4*c - 5*f = -128. What is the remainder when c is divided by ((-26)/4)/((-2)/4)?
9
Suppose -114*a - 18541 + 1197797 = 22*a. What is the remainder when a is divided by 25?
21
Suppose -4*i - 5*x = -0*i - 1399, -3*i - 5*x = -1048. Calculate the remainder when i is divided by 10 - 18 - (108/(-135))/((-4)/(-260)).
43
Suppose -z - 3 = -4*b, -5*b = 2*z - 31 + 11. Suppose 18 = -5*g - 3*s + 242, 0 = z*s - 15. What is the remainder when 77 is divided by g?
34
Let s(p) = -42*p**2 - 665*p + 146. Calculate the remainder when 115 is divided by s(-16).
13
Suppose 11*y + 152 = 427. Let j = 7 + -4. Suppose -4*b = 2*w - 600, 0 = -5*b - 0*w + j*w + 728. Calculate the remainder when b is divided by y.
23
Let k = 1865 + 1171. Calculate the remainder when k/44 + -1 + 0 is divided by 15.
8
Let p(f) = 245*f - 